 17 - 10) - -53) + 3 + 2?
61
Calculate 7 - (-17 + 21 + -10 + 8).
5
What is -162 - -178 - ((0 - 8) + 87)?
-63
What is the value of (-1 - -39) + -22 + -6 - 5?
5
Evaluate (6 - (-8 + (-1 - -5)) - (5 - -6)) + 41.
40
Evaluate 15 - (11 - -8) - (3 - (2 - 4)) - -10.
1
What is 13 + -31 - 16 - (-6 + 8 + -6)?
-30
Calculate (8 - 69) + 14 + -38 + 19.
-66
Calculate (-200 - -210 - 67) + -20 + 1.
-76
Evaluate 52 - (-15 + 36) - (151 - 65).
-55
Evaluate 27 - (47 + -17 + -29) - -36.
62
Evaluate 3995 - 4026 - (1 + -104).
72
-1 - -7 - ((16 - 7) + 45)
-48
Calculate -1 + 3 + 92 + -87 + 0 + 2.
9
Calculate (-349 - -363) + (-2 - 114).
-102
Calculate -28 - (54 + -76) - -22.
16
What is the value of -106 + -1 - (62 - 51 - (-68 - -58))?
-128
139 + (1 - 24 - (711 - 746))
151
What is the value of 18 + 22 + (9 + -31 - 13) + -14?
-9
-1 + 55 - ((23 + -6 - -13) + -19)
43
What is the value of (-74 - (-65 - -5)) + (-1 - 15)?
-30
What is the value of 114 - (-6 + 9) - (-30 + (-76 - -87))?
130
What is -612 - -640 - (9 + 2 - 0)?
17
-16 + (10 - (-4 - 8 - (-40 - -26))) - -55
47
Calculate (-66 - -2) + -2883 + 2905.
-42
Calculate 99 + (-10 - 5) + (6 - 10) + 1 + -8.
73
Evaluate (24 + (-5 - 8) - 24) + -29.
-42
What is (-565 - -524) + (1 - -5) + 155?
120
What is the value of (-100 - 0) + 220 + -219 - -41?
-58
Evaluate -8 - 3 - (31 + -88 - -7).
39
-75 - (-20 - -8) - (3 + -5 + 2)
-63
134 + -114 - (1 - -26 - 5 - -4)
-6
What is the value of (0 - -2) + -70 + 56 + -2 + 11?
-3
Evaluate 14 - (47 + 26 + -67).
8
Evaluate -24 - -56 - (11 - 12 - -3).
30
What is the value of (-20 - (2 + -30 - (37 - 49))) + -67?
-71
Calculate 5 - (-8 - (-19 - -10)) - (54 - (-6 - -1)).
-55
What is the value of (-55 - -10) + (1 - (8 + -30))?
-22
Calculate (6 + (-20 - -9 - -3) - 36) + 13.
-25
Evaluate 5 - 31 - (-14 + 15 - -19).
-46
Evaluate 99 + (-119 - (-60 + 23)).
17
Evaluate 10 - ((-133 - -143) + (8 + -6 + 2 - 105)).
101
Calculate 30 + -28 + 91 + -71.
22
Calculate 37 + -2 + ((-11 - -10) + -13 - -5).
26
Evaluate 85 + 41 + -91 - 49.
-14
Evaluate (47 - (-23 + 34) - 16) + -85.
-65
What is the value of -21 - -17 - (-14 - -3) - -20?
27
Calculate 60 + (-6 - -23 - 26) + 21.
72
What is -9 + 7 + 1 + -10 + -5?
-16
What is the value of 51 - 21 - 23 - (-2 - -5)?
4
(49 - (-2 - (24 + -31))) + (-3 - -1)
42
What is 35 + -24 + -19 + 6 - 37?
-39
What is 42 + (32 - 99 - (-32 + -16))?
23
What is -97 + -85 + (77 - -143)?
38
What is the value of -152 + (-87 + -42 - -250)?
-31
21 + 0 + 1304 + -1285
40
What is the value of ((5 - (-14 + 19)) + 74 - (3 - 7)) + 13?
91
-1 + -56 + (33 + -18 + -19 - (0 + 4))
-65
Calculate 61 + (-195 - -41) - (-4 - (-4 + -3)).
-96
Calculate (-34 - -35) + -39 + -6 + 153.
109
What is the value of -35 + (3 + 6 - (-74 + 80))?
-32
68 - (-72 + 98) - 15
27
What is the value of (19 - (-10 - (-35 - (6 + -15)))) + -41?
-38
What is (28 - 4) + 0 - 40?
-16
Evaluate -2 + 13 - ((1 - 18) + (-46 - 4 - -66)).
12
What is the value of 0 - (1 + 0) - (-231 - (-151 + -83))?
-4
What is 4 - 9 - (-271 + 249 - (54 + 2))?
73
What is the value of -62 - (-39 - (6 - 28))?
-45
What is the value of 17 - (-6 + 4 + -4 + 13 + (-3 - 5))?
18
What is the value of 8 + 1 + (2 - 1) - (-278 - (-62 - 216))?
10
What is 21 - (-17 - -102) - ((-7 - -5) + -3 + 2)?
-61
What is the value of 59 - (26 - (-33 - -96) - -4)?
92
(-201 - (69 + -153)) + 70
-47
Calculate (18 + -15 - 37) + (-3 - (-4 - 1)).
-32
Evaluate -3 + (-86 - -77) + (4 + 0 - (123 + -56)).
-75
Evaluate (2 - -12) + (132 - 135) + (-36 - 1).
-26
What is the value of (31 - -82) + -94 + -54 + -1?
-36
What is (14 + 20 + -19 - 4) + 0 + 29?
40
123 - (122 - 49) - 98
-48
What is the value of (103 - (29 - -19)) + (-2 - 20)?
33
What is -111 + 131 + -56 - -19?
-17
Calculate -11 + 75 + -10 - -10 - (1 + (7 - 0)).
56
Evaluate (20 - (32 - -3)) + 69 + -7.
47
What is (-29 - -47) + -53 - (2 - -1 - 6)?
-32
-5 - (-7 + (-7 + 13 - 6) + -1 + 114)
-111
What is -61 - (-24 - 10) - -75 - ((1 - 2) + 9)?
40
What is -134 + 40 + -57 + 154?
3
-86 + (-19 + 77 - 1)
-29
What is the value of 0 - -8 - (0 + (1 - -13) - (197 - 163))?
28
Calculate -53 + 0 - (-2398 - -2285).
60
9 + -9 + (11 - -52) + -17
46
Evaluate 1 + (14 - 1) + (-4 - (181 + -251)).
80
33 + -19 + 0 - (10 - 2 - 19)
25
Calculate (-97 - (2 + 0)) + (-84 + 122 - 26).
-87
-65 + (39 - -27) + (26 - (2 + -1))
26
Calculate -12 + 95 + -32 + -42.
9
What is -200 + 198 + (-2 - -6) - -38?
40
Calculate (94 + -100 - (0 - -5)) + 7 - 8.
-12
What is the value of (-8 - -44) + -17 - -30 - -26?
75
6 + 29 + -17 + (3 - -11)
32
Calculate (84 + 8 + -14 - (3 + 17 - 11)) + 7.
76
What is the value of (3 - (0 - 19)) + (120 - 66 - 41)?
35
Calculate (14 - (24 + -7) - 26) + 8.
-21
What is -21 - (352 + -454 + 23 + -1)?
59
Calculate 61 + 14 + 44 + -44.
75
What is the value of 0 + -2 + ((7 - 17) + 34 - 5)?
17
7 - (0 + -1 - 2) - (-43 - (46 - 46))
53
Calculate (18 - (5 - (-5 + -4))) + -44.
-40
What is (14 + 12 + -12 + -5 - 100) + (10 - 13)?
-94
What is (-37 - -21) + 31 - (101 + 23 - 21)?
-88
Evaluate -43 + (7 - -18 - 4) + -19.
-41
Calculate -135 + 40 - (7 - (4 - 4) - 10).
-92
What is the value of -4 - -11 - (1 + -58 - (816 - 787))?
93
(-70 - (-192 + 114)) + -9
-1
Calculate 1 + (4 - (-4 + 8)) - (334 + -340).
7
What is the value of (25 + -17 - -3 - (9 + 0)) + (0 - -37)?
39
1 + -1 + 4 + (-348 - -343) + (-5 - 25)
-31
Evaluate -11 + (-11 - 87) + (-13 - 7 - 3).
-132
What is -39 - (0 + -32 + -43)?
36
What is 182 + (-211 - -122) - -53?
146
Calculate 39 + (9 - (3 - -15) - ((3 - 5) + -3)).
35
(1 - (45 + -11 - 13)) + 8 - (3 + -12)
-3
Evaluate (15 + -26 - (6 - -1)) + 68.
50
2 + (7 - 4 - (-14 + (2 - -2) + 4))
11
Evaluate -92 - (-2 + 1 - (209 + -182)).
-64
What is -127 + (176 - 104 - -15)?
-40
Evaluate (40 - (18 + -41) - 6) + -12.
45
Evaluate (109 - 192 - -112) + (0 - 79).
-50
What is the value of 25 + (-18 - (-10 + -10 - -50)) + 50?
27
What is -44 + -1 - (15 - 4 - (8 - 12))?
-60
Evaluate 19 + (113 - 43) - (-3 + 1 + -11).
102
What is the value of (-962 - -960) + (-107 - (6 - (5 + -3)))?
-113
What is -15 - (-12 + -69 - (-1 - -8))?
73
Evaluate (3 + -6 - -156) + -148 + (9 - -117).
131
What is 4 + 31 + 95 + -83?
47
Calculate -6 + -2 + 2 + -1 + (-89 - 18 - -50).
-64
-34 + 7 - (15 - 27 - 41)
26
Evaluate (1 - -48) + 0 - (16 - 9 - (-17 + 29)).
54
(-3 + 1 + -1 - -74) + -115 + 278 + -159
75
What is (15 - 1 - (21 + (8 - 18))) + 1 + 8?
12
-44 - -70 - 171 - -76
-69
What is the value of (-15 - (46 - 84)) + -4?
19
What is -20 + -11 - (38 + -50) - -15?
-4
Evaluate 41 + (-91 + 106 - (18 + -2)).
40
Calculate (124 - -7) + (-122 - -133 - (2 - -15)) + -7.
118
What is the value of (3 - -8) + -1 + 25 + -16 + 11 + -10?
20
What is the value of (-1 - (2 + 0)) + (-25 - 24 - -75)?
23
3 + -1 + -3 + 0 - (130 - 111)
-20
What is (34 - 11) + -20 + -16 + -76?
-89
What is the value of (0 - 15 - 49) + 8 + 14?
-42
(109 - 172 - -8) + 7 + -2 + 3
-47
Evaluate (1 - -1 - (-8 + 10)) + (-6 + -8 - 1).
-15
Calculate (-33 + -9 + -18 - -43) + (2 - 22).
-37
Evaluate 28 + -3 - (4 - (16 - (17 + -10))).
30
Evaluate (-18 - (20 + -44 + 26)) + 90.
70
Calculate 10 + -4 + 78 + 34 + -51.
67
What is the value of ((-10 - (-18 - -4)) + -11 - -9) + (23 - 1)?
24
What is -2 + 30 - (75 - -96 - 101)?
-42
What is 55 + -1 + 567 + -671?
-50
Evaluate 38 + -49 - -17 - (25 - 3).
-16
Calculate 2 + 5 + (16 - -40 - ((1 - -5) + -4)).
61
Calculate -27 + (3 - -1 - (-3 - (-10 - -2))) + -5.
-33
What is the value of 11 + (-26 - (11 + -14 + -24))?
12
Calculate 4 + 7 - (29 - 26 - 12).
20
(-28 - -14 - -13 - 14 - -1) + 77
63
110 + 4 - (88 - 90) - 14
102
Evaluate -1 + 8 + (99 - -20) + -62.
64
Evaluate 1 + -1 + -10 - (19 - (97 + -67)).
1
What is the value of 1 - 6 - (-15 + -28 + 34 - -6)?
-2
36 - (-25 + 78 + -26)
9
What is the value of 83 - 3 - 74 - (-33 - (1 + -2))?
38
52 - (47 + -8 + 31)
-18
What is the value of -30 - ((91 - 72) + (0 - 37))?
-12
Calculate 69 - 27 - ((11 - (-2 - -7)) + (-1 - -5)).
32
Evaluate (15 - 1) + -2 + -62 + 51 + (12 - 0).
13
What is the value of 5 - (0 - (17 - (13 + -11)))?
20
Evaluate -19 + (-30 - 24) + 104.
31
-77 - ((-41 - -34) + 4 + 12 + (-20 - 1))
-65
What is 19 + -22 + 0 + 41?
38
Evaluate 197 + -73 + -95 - (1 + -40).
68
-12 - (-12 + (1 - -12 - (-16 + 49)))
20
-84 - -162 - (8 - -21)
49
-10 - (-2 + 35) - -11
-32
What is the value of 2 + -1 + -86 + -38379 + 38380?
-84
57 - -2 - (145 - 145)